*r + 25. Let q be i(-9). Suppose -28*f = q*f - 36784. What is the tens digit of f?
3
Suppose -p = -4*f + 17316, 908*p = 904*p + 32. What is the units digit of f?
1
Let y be (-3)/(48/(-1348))*8. Suppose y = j - 46. What is the units digit of j?
0
Let g = 4542 - 2384. What is the tens digit of g?
5
Let r = 246 - 108. Suppose 3*j - 8 = -z + 6, 0 = -z + j + 2. Suppose z*q - 117 = r. What is the units digit of q?
1
Let y(l) = l**3 - 7*l**2 - 22*l + 32. Let k be y(16). Let j = k + -736. What is the units digit of j?
8
Suppose -9*n - 1106 = -2*n. Let x = n - -187. What is the units digit of x?
9
Suppose -14 = -2*r + 2*w, 10*r - w - 31 = 5*r. Suppose -1147 = -r*h - 181. What is the hundreds digit of h?
1
Let w(o) = -o**2 + 10*o - 19. Suppose -37 = -7*y - 16. Let i be w(y). Suppose i*z + 8 = 3*r, -z = r - 0*r - 6. What is the units digit of r?
4
Suppose -233*s = -234*s + 160. Suppose s*i - 148*i = 3228. What is the units digit of i?
9
Suppose m - 5*k + 7 = 0, -5*k + 13 = -m + 2*m. Suppose -3*q + 1809 = 2*w, -m*q = 7*w - 6*w - 903. What is the units digit of w?
6
Suppose 1962 = 5*u - 1113. Let q = 1169 - u. What is the units digit of q?
4
Let o be (-16)/(-3)*(-462)/(-8). Let y = 120 - 117. Suppose 0 = p - y*p + o. What is the units digit of p?
4
Let h = 84 + -76. Suppose -3*z - h*v = -4*v - 1808, -3*z + 1792 = -4*v. What is the hundreds digit of z?
6
Suppose 3*b + 4*m = -4, 3*b - 28 = m + 3*m. Suppose -v - 708 = -2*r + 3*v, -v = b*r - 1452. Suppose r = 6*y - 106. What is the units digit of y?
8
Let i be (-6)/((-24)/(-10))*-260. Suppose -4*b - o + 850 = 2*o, -4*o - i = -3*b. Suppose -686 = -8*c - b. What is the tens digit of c?
5
Let b be (-208)/(-182) - (-12)/14. Suppose 6*g - 5*g - 2 = 0, -b*p = -g - 1294. What is the hundreds digit of p?
6
Let a(v) = -4*v - 13. Let q(l) = -3*l - 12. Let p(o) = -5*a(o) + 6*q(o). Suppose b - 2*z = 2, -b - 2*z + 30 = 3*z. What is the tens digit of p(b)?
1
Let y be (-7 - 12/(-3))*-1. Suppose y*h - 288 = 57. Suppose 9*q - 4*q - h = 5*o, 4*q - 3*o = 88. What is the tens digit of q?
1
Let c(d) = 209*d - 152. Let a(k) = -421*k + 306. Let y(n) = -6*a(n) - 13*c(n). What is the hundreds digit of y(-6)?
2
Suppose 13*z = 227612 - 4701. What is the thousands digit of z?
7
Let r = 952 - 2186. What is the units digit of (-5)/18*r - 6/(-27)?
3
Let q be (-1 - (-2)/3)*168/(-8). Suppose -y - 4*f = -385, -10*y - 5*f + 1155 = -q*y. What is the hundreds digit of y?
3
Let m = -53 + 72. Suppose 2*k - 30 = 5*k + 3*b, -4*b - m = k. What is the units digit of (1 + 6)/(k + 636/90)?
5
Let v = -198 - -226. What is the tens digit of ((-1484)/112)/((-1)/v)?
7
Let l = 24934 + -14719. What is the tens digit of l?
1
Suppose 12*y + 162 - 402 = 0. Suppose 1188 = -y*r + 23*r. What is the units digit of r?
6
Let b = -58755 + 96580. What is the hundreds digit of b?
8
Let t(d) = 3*d**2 - 9*d + 58. Let v be t(9). Let x = -65 - -10. What is the tens digit of (-3090)/x - 5/(v/8)?
5
Let l be (-3)/3 + 2 - 52 - -2. Let n = -52 - l. What is the tens digit of (-11 - -65)*(n/(-2))/1?
8
Suppose -52*m - 23967 = -3*i - 53*m, m - 7991 = -i. What is the thousands digit of i?
7
Suppose -h = h - 82. Suppose -d - 3*a + 118 = 0, -2*d + 245 + h = -4*a. Suppose -37 = -u - 3*m, -5*u - 3*m + m + d = 0. What is the units digit of u?
5
Let j = 20690 - 3177. What is the hundreds digit of j?
5
Let d(o) = -o**2 + 6*o + 1. Let n be d(7). Let v = 8 + n. Let a(y) = 11*y**3 - 2*y**2 + y + 3. What is the tens digit of a(v)?
8
Suppose 80*q - 1229331 = 284669. What is the tens digit of q?
2
Let w = 206 - 146. What is the hundreds digit of (-950)/4*w/50*-1?
2
Let d(u) = -14*u + 7. Let n be d(4). Let v = n - -45. What is the tens digit of (23/v)/((-23)/368)?
9
Let q(s) = -122*s - 5. Let a be q(-5). Let v = 276 + a. What is the hundreds digit of v?
8
Suppose 0 = 5*d + d - 18. Suppose 3*b = -d*q + 6*q + 81, 2*b + 5*q - 40 = 0. Suppose -151 = -4*f - 3*m + b, 2*f - m - 88 = 0. What is the tens digit of f?
4
Let c(b) = b**3 + b + 4. Let y be c(0). Suppose -y*r - t = -8*r + 2653, -3*r - 5*t = -2007. What is the hundreds digit of r?
6
Let h = -96274 + 154006. What is the tens digit of h?
3
Let n(m) = -6*m. Let i be n(-10). Suppose -11*q - i = -14*q. Let t = 114 - q. What is the tens digit of t?
9
Let i(n) be the second derivative of 3*n**5/20 - 3*n**4/2 + n**3/6 - 7*n**2/2 - 5*n + 13. What is the units digit of i(8)?
5
Let d be (-12)/(-27)*(-36)/(-8). Let w = -18 + 16. What is the units digit of w/(2*d/(-104))?
2
What is the thousands digit of (480516/336 - 2/(-14))/(6/144)?
4
Suppose 0 = 10*z - 8699 - 4941. What is the hundreds digit of z?
3
Let i = 536 + -533. Let c(a) = 40*a**3 + 11*a**2 - 24*a + 3. What is the hundreds digit of c(i)?
1
What is the tens digit of 42/(-588)*-154266 + 1*-3 + 0?
1
Let s = 6 + 9. Let h be 0 + 0 + -1 - (-96 + s). What is the tens digit of (-6)/(-2) + 3/(3/h)?
8
Let p = 97 + 0. Suppose -161 = 5*m - 6*m. Let i = m - p. What is the tens digit of i?
6
Let o be 9/3*12/(-18). Let g be 186/o - (4 - 5). Let a = g + 145. What is the tens digit of a?
5
Let m(b) = 63*b**3 + b**2 - 2*b + 2. Let j be m(1). Suppose -j = 6*c - 14*c. What is the units digit of -4*(-4)/6*270/c?
0
Let p be 12/78 - 150/(-39). Let v be p + 1*-8 - 78. What is the units digit of (-8)/6 - v/3?
6
Suppose -5*y = -3*h + 29784, 2*h + 2*y - 29805 = -h. What is the thousands digit of h?
9
Suppose 6*f - 4152 - 474 = 0. Suppose -5*k + f = -1209. What is the units digit of k?
6
Let l = 1053 + -610. Suppose 4*r + l = 3*w + 3*r, 4*w - 5*r = 587. Suppose 0 = -5*k + w + 502. What is the units digit of k?
0
Suppose -4*u = c - 2458 + 915, -u + 357 = 6*c. What is the hundreds digit of u?
3
Let y(i) = 450*i**2 + 228*i - 2. What is the tens digit of y(-3)?
6
Suppose 3*o - 16176 = 6*k, -3*o = -2*o + 4*k - 5362. What is the thousands digit of o?
5
Let j be ((-10)/(-6))/(18/(-54)). Let b be (-8)/(-1) - (-5)/j. Let p(x) = x + 12. What is the tens digit of p(b)?
1
Suppose 0 = 3*i + 6*i - 603. Suppose i*x - 7520 = 63*x. Suppose 0 = 16*z - 6*z - x. What is the hundreds digit of z?
1
Let f(g) = -3*g**3 - 5*g**2 - g - 1. Let x be f(-4). Let v = -117 + x. What is the tens digit of 186/4*2 + v?
9
Let j = -205 - -207. What is the units digit of j/(-19) + 252/228 - -810?
1
What is the hundreds digit of (0/2)/(2 + -6) - (-34029 - 12)?
0
Let l be (-2 - -3)/(-1) + -91. What is the units digit of 8/l + 331920/345?
2
What is the tens digit of 13/13 - (-22365)/3?
5
Let h be ((-2)/3)/((-22)/(-39369)). Let p = -410 - h. Suppose 4*g = -5*g + p. What is the units digit of g?
7
What is the tens digit of 36563 + -28 - (-15)/(-15)?
3
Suppose 2984 = q - 4*v, 3*q - 8966 = -75*v + 80*v. What is the tens digit of q?
9
Let s be (-18)/(-225) - 153348/(-25). Suppose 25*g - s - 1541 = 0. What is the units digit of g?
7
Let j be (20*3)/(8/96). Let y = -244 + j. What is the hundreds digit of y?
4
Let g = 35687 + -9780. What is the units digit of g?
7
Let s(r) = -r**2 + 10*r + 98. Let i be s(16). Suppose 3*z = 2*y - 3007, 1139 = -3*y - i*z + 5617. What is the tens digit of y?
9
Suppose -1228*f + 1229*f - 1549 = 0. What is the hundreds digit of f?
5
Let c(y) = -4*y - 14. Let v(q) = -q - 5. Let h(z) = 2*c(z) - 7*v(z). Let s be h(4). Let x = s - -127. What is the units digit of x?
0
Suppose 1 - 1 = -20*j. Suppose j = 4*v - a - 3*a - 1788, v - 449 = 3*a. What is the units digit of v?
6
Let p = 7339 - 2435. What is the tens digit of p?
0
Let n be (-3)/15*2*-30. Let q(b) = 14*b**2 + 49*b - 49. Let a be q(-15). Suppose -a = -z - n*z. What is the tens digit of z?
8
Let k(h) = -2*h**3 - 13*h**2 + 9*h + 4. Let b be k(-7). Let w = b + 16. What is the units digit of (16/(-6))/(w/(-180))?
0
Let i be 92/12 - 8/12. Suppose 3*x - 1349 = -h, i*h = -4*x + 5*h + 1796. What is the units digit of x?
1
Let q(b) = -b**2 + 8*b - 17. Let o be q(5). Let n(f) = f**2 - 4. Let i be n(o). Suppose i*w = 3*w - 387. What is the hundreds digit of w?
1
Suppose -940 = -2*x - 3*d + 1031, -986 = -x - 2*d. Suppose -x - 1116 = -10*c. What is the units digit of c?
0
What is the thousands digit of 40030*((-430)/50 - -9)?
6
Suppose 72 - 57 = 3*d. Suppose 4*m - 4*y = 748, d*m - 752 = y + 175. What is the hundreds digit of m?
1
Suppose -9*i = -11*i + 2044. Suppose -3*p - 4*p = -i. What is the tens digit